{"id":130,"date":"2022-03-09T14:43:23","date_gmt":"2022-03-09T13:43:23","guid":{"rendered":"https:\/\/constell-actions.ismm.ircam.fr\/?page_id=130"},"modified":"2025-05-13T09:38:58","modified_gmt":"2025-05-13T07:38:58","slug":"pieces-musicales","status":"publish","type":"page","link":"https:\/\/constell-actions.ismm.ircam.fr\/index.php\/pieces-musicales\/","title":{"rendered":"Pi\u00e8ces Musicales"},"content":{"rendered":"\n<h4 class=\"wp-block-heading\">Compositions par Michelle Agnes Magalhaes<\/h4>\n\n\n\n<p>smartphones, dispositif \u00e9lectronique <em>como-elements<\/em>, et haut-parleurs<\/p>\n\n\n\n<h3 class=\"wp-block-heading\"><a href=\"https:\/\/constell-actions.ismm.ircam.fr\/index.php\/meduse\/\" data-type=\"page\" data-id=\"142\">Meduses<\/a><\/h3>\n\n\n\n<p><em>Pour 6 \u00e0 12 interpr\u00e8tes et un ma\u00eetre du jeu<\/em><\/p>\n\n\n\n<h3 class=\"wp-block-heading\"><a href=\"https:\/\/constell-actions.ismm.ircam.fr\/index.php\/ex-tensio\/\" data-type=\"page\" data-id=\"53\">Ex-tensio<\/a><\/h3>\n\n\n\n<p><em>Pour 1 ou 2 interpr\u00e8tes<\/em><\/p>\n\n\n\n<h3 class=\"wp-block-heading\"><a href=\"https:\/\/constell-actions.ismm.ircam.fr\/index.php\/voyelle-sans-ailes\/\" data-type=\"page\" data-id=\"116\">Voyelle sans ailes<\/a><\/h3>\n\n\n\n<p><em>Pour voix d\u2019enfants\/voix aigu\u00ebs\/voix de t\u00eate et \u00e9lectronique<\/em><\/p>\n\n\n\n<h3 class=\"wp-block-heading\"><a href=\"https:\/\/constell-actions.ismm.ircam.fr\/index.php\/deux-vitesses\/\" data-type=\"page\" data-id=\"172\">Deux vitesses<\/a><\/h3>\n\n\n\n<p><em>Avec ou sans support \u00e9lectronique pour un groupe de 8-100 personnes.<\/em><\/p>\n\n\n\n<h3 class=\"wp-block-heading\"><a href=\"https:\/\/constell-actions.ismm.ircam.fr\/index.php\/no-fun\/\" data-type=\"page\" data-id=\"179\">No Fun<\/a><\/h3>\n\n\n\n<p><em>Pour instrumentistes et electronique<\/em><\/p>\n\n\n\n<p><\/p>\n","protected":false},"excerpt":{"rendered":"<p>Compositions par Michelle Agnes Magalhaes smartphones, dispositif \u00e9lectronique como-elements, et [&hellip;]<\/p>\n","protected":false},"author":2,"featured_media":102,"parent":0,"menu_order":0,"comment_status":"closed","ping_status":"closed","template":"","meta":{"footnotes":""},"class_list":["post-130","page","type-page","status-publish","has-post-thumbnail","hentry"],"_links":{"self":[{"href":"https:\/\/constell-actions.ismm.ircam.fr\/index.php\/wp-json\/wp\/v2\/pages\/130","targetHints":{"allow":["GET"]}}],"collection":[{"href":"https:\/\/constell-actions.ismm.ircam.fr\/index.php\/wp-json\/wp\/v2\/pages"}],"about":[{"href":"https:\/\/constell-actions.ismm.ircam.fr\/index.php\/wp-json\/wp\/v2\/types\/page"}],"author":[{"embeddable":true,"href":"https:\/\/constell-actions.ismm.ircam.fr\/index.php\/wp-json\/wp\/v2\/users\/2"}],"replies":[{"embeddable":true,"href":"https:\/\/constell-actions.ismm.ircam.fr\/index.php\/wp-json\/wp\/v2\/comments?post=130"}],"version-history":[{"count":3,"href":"https:\/\/constell-actions.ismm.ircam.fr\/index.php\/wp-json\/wp\/v2\/pages\/130\/revisions"}],"predecessor-version":[{"id":188,"href":"https:\/\/constell-actions.ismm.ircam.fr\/index.php\/wp-json\/wp\/v2\/pages\/130\/revisions\/188"}],"wp:featuredmedia":[{"embeddable":true,"href":"https:\/\/constell-actions.ismm.ircam.fr\/index.php\/wp-json\/wp\/v2\/media\/102"}],"wp:attachment":[{"href":"https:\/\/constell-actions.ismm.ircam.fr\/index.php\/wp-json\/wp\/v2\/media?parent=130"}],"curies":[{"name":"wp","href":"https:\/\/api.w.org\/{rel}","templated":true}]}}